uppose -18*l = -x*l - 102. Calculate the remainder when 33 is divided by l.
16
Suppose y - 7*y = 4*y - 1140. What is the remainder when 3531 is divided by y?
111
Let l(c) = c**2 + 6*c - 26. Suppose -3*g + 9 = -48. Calculate the remainder when l(-13) is divided by g.
8
Let x(t) = -t**3 + 30*t**2 + 30*t - 151. What is the remainder when x(29) is divided by 223?
222
Suppose -k - 16 = -2*k - 2*m, -m = 5*k - 35. Let t be -2 - -2 - 0 - (-47 - 1). Suppose -5*w = -8*w + t. What is the remainder when w is divided by k?
4
Let w = -388 + 390. Suppose -2*g + 4*g + 135 = 3*a, -w*a + 74 = 4*g. What is the remainder when a is divided by 15?
13
Suppose 0 = 182*d - 88*d - 11468. Calculate the remainder when 1829 is divided by d.
121
Let y(s) = -s**2 + 19*s - 41. Let k be y(16). Suppose -6*j = -k*j + 7. Suppose 0 = j*f - 4 - 3. What is the remainder when 7 is divided by f?
0
Suppose 23*p = 35093 + 5732. What is the remainder when p is divided by 89?
84
Let z = 759 - 1453. Let x be 18/12 - z/4. Calculate the remainder when 3/5 - (-1995)/x is divided by 7.
5
Calculate the remainder when (20 - 5811/26)*-4 is divided by 108.
58
Suppose 115*s - 134*s + 32262 = 0. Calculate the remainder when s is divided by 4.
2
Let s(g) = -g**2 - 18 + 4*g - 11 + 73. Calculate the remainder when 93 is divided by s(8).
9
Suppose -5*f = 5*t - 5, 6*f - 3*f = -3. Suppose -5*r - 6 + 111 = 0. What is the remainder when (-3)/6 - (-119)/t is divided by r?
17
Let b = -11949 + 13678. What is the remainder when b is divided by 51?
46
Let t = -265 + 277. Let z(s) = 9*s - 62. What is the remainder when z(t) is divided by (5/(-4))/((-3)/24)?
6
Suppose 0 = 10*s - s + 504. Let q = s - -86. Calculate the remainder when (-2686)/(-18) + 6/(-27) is divided by q.
29
Let x be (-1 - (-2 - -7))*1. Let l(a) = -5*a**3 - 11 - 15*a - 3*a**3 - 9 + 9 + 7*a**3 - 8*a**2. Calculate the remainder when l(x) is divided by 4.
3
Let w = -202 + 223. Let y(v) = -v**3 + 21*v**2 + 3*v - 49. What is the remainder when 40 is divided by y(w)?
12
Calculate the remainder when 1005 is divided by 3 - (-13 + (-33)/(-3))*3/2.
3
Let d(c) = -3*c**3 + 21*c**2 + 43*c - 21. What is the remainder when d(8) is divided by 42?
5
Suppose 0 = 2*c + 4*o - 7*o - 22, -3*c = -2*o - 23. Let y = 12 + c. What is the remainder when (-898)/(-9) + 175/(-63) + 3 is divided by y?
15
Suppose 4*o + 2 = 2*k - 10, 30 = 5*k - 5*o. Let m = 571 + -544. What is the remainder when m is divided by k?
3
Let b(i) = 4*i**2 - 5*i - 10. Calculate the remainder when b(7) is divided by 2 + 82/4 + (-31)/62.
19
Suppose 66 - 130 = -4*t + 4*p, -4*t - 9*p + 38 = 0. What is the remainder when 14419 is divided by t?
13
Let z(v) = 2*v**2 - 22*v + 5. Let p be z(11). Suppose -3 = -2*m + p. Suppose 0 = -n + m. Calculate the remainder when 14 is divided by n.
2
Let k = 11632 - 8804. What is the remainder when k is divided by 59?
55
What is the remainder when 4 + (1/(-6)*-2 - 511501/(-141)) is divided by 46?
44
Let o = 190 + -162. Suppose 0 = 35*t - o*t - 7. What is the remainder when 47 is divided by t?
0
Let m(i) = i**2 + 206*i - 1239. Calculate the remainder when 450 is divided by m(6).
21
Let w(x) = -10*x**2 + 430*x**3 - 6 + 0*x**2 + 419*x**3 - 851*x**3 - 16*x. Calculate the remainder when w(-5) is divided by 26.
22
Let s(q) = q**2 + 8*q - 23. Suppose z = -z - 5*f + 38, -3*z - f = -83. What is the remainder when z is divided by s(-11)?
9
Suppose 257*g - 540*g = -270*g - 18135. Calculate the remainder when g is divided by 7.
2
What is the remainder when -6 + (3229 - (-198)/22) is divided by 202?
0
Suppose 10*v = -15*v + 5325. Let h = 349 - 281. What is the remainder when v is divided by h?
9
What is the remainder when (-4)/(-22) + (-6535)/(-55) is divided by 602/(-21)*((-36)/8 + 3)?
33
Let n be (65/(-30) + 4)*6. Suppose 0 = n*l + 71 - 203. Calculate the remainder when 93 is divided by l.
9
Suppose -8*t - 34 = -9*t. Suppose 0 = -o + p + 2*p + 138, 680 = 5*o - 5*p. Calculate the remainder when o is divided by t.
33
Suppose 0 = -61*g - 6602 + 18436. Calculate the remainder when 1168 is divided by g.
4
Suppose -2*j + 2415 = -5*t, 4*j = 4*t + 3*j + 1929. Let v = t + 499. What is the remainder when 266 is divided by v?
14
Let j(q) = 441*q - 26881. Suppose 6 = 2*w, -4*w + 9*w = t - 41. Calculate the remainder when t is divided by j(61).
16
Let k = 74 - 70. Suppose 5*x + 6 = -i - k, 3*i = -3*x - 78. Calculate the remainder when 12*((-81)/i)/((-4)/(-10)) is divided by 21.
18
Let l be 31/11 + (-22)/(-121). Suppose -3*v + 74 = -253. Suppose 3*c - 5*c - l*t = -v, -4*c + 208 = -4*t. Calculate the remainder when c is divided by 19.
15
Suppose 9*j + 14*j = 8280. Suppose z - 62 - 5 = -5*d, 2*z + 4*d - 116 = 0. Calculate the remainder when j is divided by z.
48
Suppose 42 = 2*d - 4*g, 26 = -2*g + 12. What is the remainder when 1343 is divided by d?
6
Suppose -17 = -32*c + 559. Suppose -4*r + c = v, 4*v = -4*r + 80 + 16. What is the remainder when 60 is divided by v?
8
Suppose 116*h - 112*h = 2*c + 428, -2*h + 2*c = -220. What is the remainder when 132 is divided by h?
28
Let h(u) = 46*u**2 + 1300*u - 34. What is the remainder when h(-34) is divided by 11?
10
Suppose -46 = 2*z - 420. Suppose -347 = -6*n + z. Suppose -5*d - 4*r = -162, -4*d - 2*r + 4*r = -114. What is the remainder when n is divided by d?
29
Let i be (-2 + 1)*1*153/1. Let d = 173 + i. Calculate the remainder when 158 is divided by d.
18
Let l be (-224)/140*50/(-4). Suppose -l*w - 165 = -23*w. Calculate the remainder when 218 is divided by w.
53
Let n = -1556 - -1593. Calculate the remainder when 49 is divided by n.
12
Let b(v) = 4*v + 3. Suppose -2*p - 5*l = -4 - 37, -2*p + 2*l = -6. Calculate the remainder when b(16) is divided by p.
3
Suppose 3*g - 31 = g - 5*d, -5 = 5*d. Calculate the remainder when (-375)/(-9) - 7 - (-16)/(-6) is divided by g.
14
Let d = 1289 + -2288. What is the remainder when (-1 - 28/(-12))*d/(-36) is divided by 13?
11
Let c = 6351 - -4032. What is the remainder when c is divided by 18?
15
Suppose 2*k - 262 = 2*h, 0 = 3*k + 5*h - 447 + 62. What is the remainder when k is divided by 44?
42
Let w(k) = -k - 5. Let d be w(-7). What is the remainder when (21/2 - 10)*95*2 is divided by (d/3)/(1/21)?
11
Suppose -3*k = -5*k. Let h be 0 + (k/(-2) - -201 - 3). Suppose -4*r + 66 + h = 0. What is the remainder when r is divided by 17?
15
Suppose 3*m - 5119 = -4*l, 18*m + 7*l = 12*l + 30685. What is the remainder when m is divided by 11?
0
Let k(z) = 42*z - 345. What is the remainder when (-2 + -1)/(330/348 + -1) is divided by k(9)?
25
Suppose 0 = -4*n, 3*d - 4*n - 5 = 10. Suppose 4*o + 287 + 193 = 2*q, -d*q = -3*o - 1186. Calculate the remainder when q is divided by 24.
20
Suppose 50*i + 70*i - 98*i = 1430. Calculate the remainder when 206 is divided by i.
11
Suppose -2*h + 5*f + 60 = 0, -3*h - 2*f + 52 = -0*h. Suppose 0 = -16412*c + 16386*c + 3536. What is the remainder when c is divided by h?
16
Let v = 34719 - 27586. What is the remainder when v is divided by 87?
86
Let j(n) = -n**3 - 24*n**2 - 24*n + 5. Let d be j(-23). Suppose d - 108 = -4*a. Let t = a - -144. Calculate the remainder when t is divided by 15.
14
Let p(w) = 243*w**2 + 85*w - 2. What is the remainder when p(1) is divided by 120?
86
Suppose -l + 19*q + 125 = 17*q, 2*l = q + 256. What is the remainder when 3480 is divided by l?
126
Let l(d) = -6*d + 12. What is the remainder when 4/(-10) + 386634/810 - 32/(-432) is divided by l(-6)?
45
Suppose 11*a - 999 = -40*a + 24*a. What is the remainder when 52 is divided by a?
15
Suppose 4*x + 3*s = 258 + 827, -3*s - 1067 = -4*x. What is the remainder when x is divided by 26?
9
Let r(b) = -8*b + 14*b - 4*b. Let w = 286 + -266. Calculate the remainder when w is divided by r(6).
8
Calculate the remainder when 1114 is divided by 4128/120*20/8.
82
Calculate the remainder when (-966)/(5/(160/(-48))) is divided by 127.
9
Let p(u) = 63*u**2 + u. Let c = -93 + 94. Let v be p(c). Let h = -55 + v. What is the remainder when h is divided by 2?
1
Let m = 0 - -117. Let j be (30/9)/((-6)/(-9)). Suppose j*a - 146 = -2*h, 4*a - h - 5 - m = 0. Calculate the remainder when a is divided by 11.
8
Let x(f) = -f**3 - 13*f**2 + 3*f + 42. Suppose -3*p + 2*h + 30 = 0, 4*p - 6*p = -4*h - 12. Calculate the remainder when p is divided by 